he remainder when 59 is divided by q(5).
19
Suppose -3*u = 24 - 6. Let j be -7 + 0 - u/3. Let c(o) = -2*o - 7. Calculate the remainder when 8 is divided by c(j).
2
Let t = -45 + 80. Calculate the remainder when 62 is divided by ((-6)/(-1))/(10/t).
20
Suppose 0 = t - 2*t - 4. Let w be (20 + 0)/((-2)/t). Suppose 3*y - 8*y = -w. Calculate the remainder when 22 is divided by y.
6
Let p = 8 + -3. Suppose 0 = p*r - 47 - 58. Calculate the remainder when r is divided by 11.
10
Let y(c) = -2*c + 1. Let s be y(6). Let r = -6 - s. What is the remainder when r is divided by 3?
2
Suppose 5*y + 30 - 105 = 0. Suppose 0 = f - y + 5. Calculate the remainder when (3/4)/(1/24) is divided by f.
8
Let j = 0 + 1. Let n = j + 4. What is the remainder when n is divided by 3?
2
Let b be (42/15)/((-1)/(-5)). Let s = 39 - b. Calculate the remainder when s is divided by 13.
12
Let p = 12 - 0. What is the remainder when 22 is divided by p?
10
Let n = 5 - -7. Let w = 0 + 1. Let m(o) = 33*o**2 + 2*o - 1. What is the remainder when m(w) is divided by n?
10
Let z = 1 + 1. Suppose -d + 37 = z. Suppose -d = -2*j - 1. What is the remainder when j is divided by 9?
8
Suppose -2*u - 10 = -w - u, -48 = -4*w + 2*u. Suppose 0 = 4*d - 1 - 15. What is the remainder when w is divided by d?
2
Let y(z) = -10*z + 4. What is the remainder when 65 is divided by y(-2)?
17
Let i(n) = 3*n**3 - n**2 - 3*n + 2. Let r(a) = a**3 - 15*a**2 + 2. Let x be r(15). What is the remainder when 63 is divided by i(x)?
15
Let v = 18 + -10. Let p = v - 4. Suppose -p*s + 28 = 5*u, -u + 20 = -3*s + 3. Calculate the remainder when 23 is divided by u.
7
Let q be -1 + 2 + (-120)/(-3). Let t = -19 + q. What is the remainder when t is divided by 8?
6
Let b(m) = m**3 + 6*m**2 + m - 1. Calculate the remainder when b(-4) is divided by 7.
6
Let i = 2 - -2. Suppose 11 = i*h - 1. Suppose 0 = -h*d + 5*d - 20. Calculate the remainder when 38 is divided by d.
8
Suppose -11*c + 5 = -6*c. What is the remainder when 1 is divided by c?
0
Suppose -q + 5*v + 131 = 0, -4*v + 298 = -q + 4*q. What is the remainder when q is divided by 36?
34
Suppose 19*k = 832 - 167. Calculate the remainder when k is divided by 8.
3
Let c = 16 - 10. Calculate the remainder when 16 is divided by c.
4
Let f be 3 + (1 - -1)/(-2). Suppose 3*p + 2*q - 35 = -f*q, p - 4*q = -15. What is the remainder when 12 is divided by p?
2
Let j = -85 - -174. Calculate the remainder when j is divided by 15.
14
Let d(t) = t**3 + 8*t**2 - 12*t - 18. Let p = -18 - -43. What is the remainder when p is divided by d(-9)?
7
Let q(d) = -d + 49. Let h be q(0). Let p = -35 + h. What is the remainder when p is divided by 4?
2
Suppose 0 = -4*y + y. Suppose y*z + 1 = z. Let q = 11 - z. What is the remainder when q is divided by 4?
2
Suppose -2*y - y + 18 = 0. Let v = -158 + 179. What is the remainder when v is divided by y?
3
Let b = 20 + 0. What is the remainder when 14 is divided by (b/(-6))/((-4)/6)?
4
Let m(d) = 2*d**3 - 2*d**2 + 3*d - 2. Let q(w) = -w - 1. Let o be q(-3). Suppose 2*g - 61 = -17. What is the remainder when g is divided by m(o)?
10
Let g(c) = 5*c + 10. What is the remainder when 46 is divided by g(0)?
6
Suppose -m + 2 = m - 2*h, 0 = 3*m - 4*h. Suppose m*p = y + 20, -5*y = 3*p - 7*p + 52. Let r = y - -13. Calculate the remainder when 14 is divided by r.
4
Calculate the remainder when (5/((-45)/6))/(1/(-39)) is divided by 6.
2
Let b = -9 - -17. What is the remainder when 31 is divided by b?
7
Let r be (-2)/7 - (-206)/(-14). Let z = r + 28. Calculate the remainder when z is divided by 8.
5
Calculate the remainder when 33 + ((-2)/(-3) - 16/6) is divided by 53/3 - (-2)/(-3).
14
Let y(k) = -k - 8. Let d be y(-8). Let f = -2 + d. Let i(z) = -6*z + 1. Calculate the remainder when 49 is divided by i(f).
10
Let x = 60 - 27. Let r = -14 + 26. Calculate the remainder when x is divided by r.
9
Let m(i) = -5*i - 4. Let s = -229 - -236. What is the remainder when m(-6) is divided by s?
5
Suppose -b - 9 = -4*l, -3*l = 5*b + 18 + 4. What is the remainder when l is divided by -2 + (-7)/((-21)/9)?
0
Suppose s = -4*j - 4 + 21, 2*s - 16 = -2*j. Suppose 2*c - 15 = -c. What is the remainder when 30/25*20/j is divided by c?
3
Suppose 228 = -b + 7*b. What is the remainder when 73 is divided by b?
35
Suppose -4*g + 16 = 4*v, g - 5*g - 4 = -v. Suppose -4*m + 2 + 34 = g. Calculate the remainder when m is divided by (16 - 8)/(1 - -1).
1
Let y(g) = -g**3 + 5*g**2 + 17*g + 1. Let n(r) = -3*r**3 + 2*r**2 + 2*r - 4. Let c be n(-4). Let w = c + -147. What is the remainder when w is divided by y(7)?
21
Suppose -4*n = -22 - 30. Calculate the remainder when 25 is divided by n.
12
Suppose -3*g + 2 + 46 = 0. Suppose 0*d = -4*d + g. Suppose d*z = z + 18. What is the remainder when 11 is divided by z?
5
What is the remainder when 53 is divided by 0/(-2) + -2 - (19 + -49)?
25
Let w(z) = -4*z**3 - 2*z**2 - z. What is the remainder when 11 is divided by w(-1)?
2
Let o be 2 + (3 + -1)*-1. Suppose x + 2*t = 7, o*x - 10 = -2*x - 5*t. Suppose -5 = 5*y - x. What is the remainder when 2 is divided by y?
0
Let s(b) = 8*b - 5. Suppose 0*i + 5*l = i + 20, 4*l = -5*i + 45. Suppose i*k - 4 = -2*n, 5*n + k + 0*k = 56. What is the remainder when s(5) is divided by n?
11
Suppose 4*d = -3 + 23. Let h = 34 + -20. What is the remainder when h is divided by d?
4
Let q(p) = -3*p + 10. Let w be q(-5). Suppose -5*v + 23 = x - 2*v, w = 5*v. Calculate the remainder when x is divided by 5.
3
Suppose 44 - 220 = 4*u. Calculate the remainder when 23 is divided by u/(-7) - (-4)/(-14).
5
Let u(j) = 2*j**2 - 2*j + 5. Suppose -3*s = 3*w + 21, -5*s - 27 = -0*w + 3*w. Calculate the remainder when u(w) is divided by 16.
13
Suppose 61*n = 68*n - 210. Calculate the remainder when n is divided by 9.
3
What is the remainder when 25/4 - (-3)/(-12) is divided by 3?
0
Suppose 0 = u - 3, 5*j + 9*u = 4*u + 410. Suppose -5*p + n + 105 = 0, 10 = -2*n - 0*n. Calculate the remainder when j is divided by p.
19
Let q(m) = 3*m - 5 + 6*m - 4*m. What is the remainder when 43 is divided by q(4)?
13
Let u = -4 + -4. What is the remainder when 33 is divided by (-70)/u - (-4)/16?
6
Suppose -229 = -3*w + 17. What is the remainder when w is divided by 21?
19
Let c = 14 + -12. Suppose 4*j = 2*j - 4*x + 52, c*j - x = 32. Calculate the remainder when 52 is divided by j.
16
Suppose 5*q = 2*q + 63. Calculate the remainder when 62 is divided by q.
20
Let k = 12 + 8. Let b(z) = z**2 + 5*z + 6. Let y be b(-4). Suppose -2*m - m - 2*p + 39 = 0, y*m - 19 = p. Calculate the remainder when k is divided by m.
9
What is the remainder when 55 is divided by (42/4)/((-21)/(-28))?
13
Suppose 5*y = 25 - 5. Let l = -7 + y. Calculate the remainder when 34 is divided by l/12 + 49/4.
10
Suppose -4*i - 3*z = -6*i - 3, 2*z = 4*i - 14. Calculate the remainder when 27 is divided by (-7)/21 + 50/i.
3
Let s = -5 + 9. Suppose 0 = -s*o + 3*o. Suppose 44 = 4*j + 5*y, j - 4*y = 11 - o. What is the remainder when 32 is divided by j?
10
Let q = -5 + 10. Suppose -q = 4*b + r, b - 5*b - 15 = 3*r. Suppose b = 2*m + 3*m - 175. What is the remainder when m is divided by 12?
11
Suppose k - 11 = -2*c, 0*c = -5*k - 5*c + 45. Let s = -1 + 4. What is the remainder when k is divided by s?
1
Let p be (97/4)/(5/40). Let k = p + -106. Suppose 3*n + 5*f - k - 37 = 0, -2*n + 82 = 2*f. Calculate the remainder when n is divided by 14.
12
Suppose -48*l + 59*l - 55 = 0. Calculate the remainder when 11 is divided by l.
1
Suppose -10 = -4*r + 10. Suppose -r*m + 50 = -5. Calculate the remainder when m is divided by 4.
3
Let i be (-6 - 0)*(-8)/6. Let d = i - 4. What is the remainder when 14 is divided by ((-6)/d)/((-12)/40)?
4
Let f(t) = -t**3 - 2*t**2 + 5*t + 4. Suppose 3*l + 0*j + 4*j - 163 = 0, -l + 56 = j. Calculate the remainder when l is divided by f(-4).
13
Suppose 0 = 4*c - 0*c - 16. Suppose 5*b = 29 - c. Let h(g) = 2*g. Calculate the remainder when 19 is divided by h(b).
9
Calculate the remainder when 93 is divided by (1/2)/((-5)/(-190)).
17
Let t(w) = -w**3 + 7*w**2 + 5. Let g be t(7). Suppose -v = -5*v - l + 25, -g*v = 4*l - 45. Calculate the remainder when 17 is divided by v.
2
Suppose r - 144 = -7*r. What is the remainder when 35 is divided by r?
17
Let f(n) = -n**3 + 2*n**2 + n + 1. Let q be f(-2). Let u 